{"id":17,"date":"2011-04-04T14:04:37","date_gmt":"2011-04-04T14:04:37","guid":{"rendered":"http:\/\/projekty.osu.cz\/mistapameti\/?page_id=17"},"modified":"2025-08-06T10:07:54","modified_gmt":"2025-08-06T10:07:54","slug":"partneri-projektu","status":"publish","type":"page","link":"https:\/\/mistapameti.osu.cz\/?page_id=17","title":{"rendered":"Partne\u0159i projektu"},"content":{"rendered":"<p><strong>Pro Ostravu:<\/strong><\/p>\n<p><a href=\"http:\/\/www.hostalkovice.cz\/\">Ostrava-Ho\u0161\u0165\u00e1lkovice<\/a><\/p>\n<p><a href=\"http:\/\/www.moporuba.cz\/\">Ostrava-Poruba<\/a><\/p>\n<p><strong>Knihovna m\u011bsta Ostravy<\/strong><\/p>\n<p>Pobo\u010dka Ostrava-Ho\u0161\u0165\u00e1lkovice<\/p>\n<p>Pobo\u010dka Ostrava-Hrab\u016fvka, Z\u00e1vodn\u00ed 47<\/p>\n<p>Pobo\u010dka Ostrava-V\u00edtkovice, Kutuzovova 14<\/p>\n<p><strong>Pro Hav\u00ed\u0159ov:<\/strong><\/p>\n<p><a href=\"http:\/\/www.havirov-city.cz\/\">Hav\u00ed\u0159ov<\/a><\/p>\n<p><strong>Pro oblast horn\u00edho povod\u00ed \u0159eky Mor\u00e1vky:<\/strong><\/p>\n<p><a href=\"http:\/\/www.moravka.info\/\">Mor\u00e1vka<\/a><\/p>\n<p><a href=\"http:\/\/www.raskovice.cz\/\">Ra\u0161kovice<\/a><\/p>\n<p><a href=\"http:\/\/www.prazmo.cz\/\">Pra\u017emo<\/a><\/p>\n<p><a href=\"http:\/\/www.obec-krasna.cz\/\">Kr\u00e1sn\u00e1<\/a><\/p>\n<p><a href=\"http:\/\/www.vysnilhoty.cz\/\">Vy\u0161n\u00ed Lhoty<\/a><\/p>\n<p><a href=\"http:\/\/www.povodimoravky.cz\/Content\/default.aspx\">Mikroregion Sdru\u017een\u00ed obc\u00ed povod\u00ed Mor\u00e1vky<\/a><\/p>\n<p>Sdru\u017een\u00ed Pam\u00e1tn\u00edk Ra\u0161kovic<\/p>\n<p>Svaz t\u011blesn\u011b posti\u017een\u00fdch, MO Mor\u00e1vka-Pra\u017emo<\/p>\n<p><strong>Pro oblast Horn\u00edho Vsacka:<\/strong><\/p>\n<p><a href=\"http:\/\/www.velkekarlovice.cz\/main.php?pg=0000\">Velk\u00e9 Karlovice<\/a><\/p>\n<p><a href=\"http:\/\/www.novyhrozenkov.cz\/\">Nov\u00fd Hrozenkov<\/a><\/p>\n<p><a href=\"http:\/\/www.karolinka.cz\/\">Karolinka<\/a><\/p>\n<p>Karlovsk\u00e9 muzeum<\/p>\n<p>Ob\u010dansk\u00e9 sdru\u017een\u00ed D\u011bdictv\u00ed Karlovic<\/p>\n<p>Ing. Vojt\u011bch Bajer (<a href=\"http:\/\/www.salamandr.info\" target=\"_blank\">ZO \u010cSOP Salamandr<\/a>)<\/p>\n<p>&nbsp;<\/p>\n<p><strong>Z\u00e1kladn\u00ed a st\u0159edn\u00ed \u0161koly, jejich\u017e \u017e\u00e1ci a u\u010ditel\u00e9 se do projektu zapojil<\/strong><\/p>\n<p><strong>Ostrava <\/strong><\/p>\n<p>Gymn\u00e1zium, Ostrava-Hrab\u016fvka<\/p>\n<p>Jazykov\u00e9 gymn\u00e1zium Pavla Tigrida, Ostrava-Poruba<\/p>\n<p>Mati\u010dn\u00ed gymn\u00e1zium, Ostrava-Moravsk\u00e1 Ostrava<\/p>\n<p>St\u0159edn\u00ed pr\u016fmyslov\u00e1 \u0161kola chemick\u00e1 akademika Heyrovsk\u00e9ho a Gymn\u00e1zium, Ostrava-Z\u00e1b\u0159eh<\/p>\n<p>Wichterlovo gymn\u00e1zium, Ostrava-Poruba<\/p>\n<p>Z\u00e1kladn\u00ed \u0161kola Jugosl\u00e1vsk\u00e1, Ostrava-Z\u00e1b\u0159eh<\/p>\n<p>Z\u00e1kladn\u00ed \u0161kola a mate\u0159sk\u00e1 \u0161kola Ho\u0161\u0165\u00e1lkovice<\/p>\n<p>Z\u00e1kladn\u00ed \u0161kola a mate\u0159sk\u00e1 \u0161kola Ostr\u010dilova, Ostrava-Moravsk\u00e1 Ostrava<\/p>\n<p>&nbsp;<\/p>\n<p><strong>Hav\u00ed\u0159ov<\/strong><\/p>\n<p>Gymn\u00e1zium, Hav\u00ed\u0159ov-Podles\u00ed (\u201eHorn\u00ed gympl\u201c)<\/p>\n<p>Gymn\u00e1zium Komensk\u00e9ho, Hav\u00ed\u0159ov-M\u011bsto (\u201eDoln\u00ed gympl\u201c)<\/p>\n<p>Z\u00e1kladn\u00ed \u0161kola Franti\u0161ka Hrub\u00edna, Hav\u00ed\u0159ov-Podles\u00ed<\/p>\n<p>Z\u00e1kladn\u00ed \u0161kola Karol\u00edny Sv\u011btl\u00e9, Hav\u00ed\u0159ov-Podles\u00ed<\/p>\n<p>Z\u00e1kladn\u00ed \u0161kola Fr\u00fddeck\u00e1, Hav\u00ed\u0159ov-Bludovice<\/p>\n<p>Z\u00e1kladn\u00ed \u0161kola Marie Kude\u0159\u00edkov\u00e9, Hav\u00ed\u0159ov-M\u011bsto<\/p>\n<p>&nbsp;<\/p>\n<p><strong>Venkovsk\u00e9 lokality:<\/strong><\/p>\n<p>Z\u0160 Nov\u00fd Hrozenkov<\/p>\n<p>Z\u0160 Velk\u00e9 Karlovice<\/p>\n<p>Z\u0160 Karolinka<\/p>\n","protected":false},"excerpt":{"rendered":"<p>Pro Ostravu: Ostrava-Ho\u0161\u0165\u00e1lkovice Ostrava-Poruba Knihovna m\u011bsta Ostravy Pobo\u010dka Ostrava-Ho\u0161\u0165\u00e1lkovice Pobo\u010dka Ostrava-Hrab\u016fvka, Z\u00e1vodn\u00ed 47 Pobo\u010dka Ostrava-V\u00edtkovice, Kutuzovova 14 Pro Hav\u00ed\u0159ov: Hav\u00ed\u0159ov Pro oblast horn\u00edho povod\u00ed \u0159eky Mor\u00e1vky: Mor\u00e1vka Ra\u0161kovice Pra\u017emo Kr\u00e1sn\u00e1 Vy\u0161n\u00ed Lhoty Mikroregion Sdru\u017een\u00ed obc\u00ed povod\u00ed Mor\u00e1vky Sdru\u017een\u00ed Pam\u00e1tn\u00edk Ra\u0161kovic &hellip; <a href=\"https:\/\/mistapameti.osu.cz\/?page_id=17\">Cel\u00fd p\u0159\u00edsp\u011bvek <span class=\"meta-nav\">&rarr;<\/span><\/a><\/p>\n","protected":false},"author":1,"featured_media":68,"parent":0,"menu_order":4,"comment_status":"open","ping_status":"open","template":"","meta":{"ngg_post_thumbnail":0,"footnotes":""},"class_list":["post-17","page","type-page","status-publish","has-post-thumbnail","hentry"],"_links":{"self":[{"href":"https:\/\/mistapameti.osu.cz\/index.php?rest_route=\/wp\/v2\/pages\/17","targetHints":{"allow":["GET"]}}],"collection":[{"href":"https:\/\/mistapameti.osu.cz\/index.php?rest_route=\/wp\/v2\/pages"}],"about":[{"href":"https:\/\/mistapameti.osu.cz\/index.php?rest_route=\/wp\/v2\/types\/page"}],"author":[{"embeddable":true,"href":"https:\/\/mistapameti.osu.cz\/index.php?rest_route=\/wp\/v2\/users\/1"}],"replies":[{"embeddable":true,"href":"https:\/\/mistapameti.osu.cz\/index.php?rest_route=%2Fwp%2Fv2%2Fcomments&post=17"}],"version-history":[{"count":14,"href":"https:\/\/mistapameti.osu.cz\/index.php?rest_route=\/wp\/v2\/pages\/17\/revisions"}],"predecessor-version":[{"id":360,"href":"https:\/\/mistapameti.osu.cz\/index.php?rest_route=\/wp\/v2\/pages\/17\/revisions\/360"}],"wp:featuredmedia":[{"embeddable":true,"href":"https:\/\/mistapameti.osu.cz\/index.php?rest_route=\/wp\/v2\/media\/68"}],"wp:attachment":[{"href":"https:\/\/mistapameti.osu.cz\/index.php?rest_route=%2Fwp%2Fv2%2Fmedia&parent=17"}],"curies":[{"name":"wp","href":"https:\/\/api.w.org\/{rel}","templated":true}]}}